greatest common factor of 45 and 5129?
1
What is the highest common factor of 363770 and 10?
10
What is the greatest common divisor of 40 and 1595530?
10
Calculate the greatest common factor of 580 and 1729328.
116
What is the greatest common factor of 112587 and 3?
3
What is the highest common divisor of 120973 and 171?
19
What is the highest common divisor of 558772 and 116?
116
Calculate the highest common divisor of 16571 and 146.
73
What is the highest common divisor of 15124 and 19?
19
Calculate the highest common divisor of 86690 and 10.
10
What is the highest common factor of 55195 and 190?
95
What is the highest common divisor of 21857 and 187?
11
Calculate the greatest common divisor of 28539 and 567.
189
What is the greatest common factor of 24544 and 8?
8
Calculate the greatest common factor of 429858 and 156.
78
Calculate the highest common divisor of 820 and 61459.
41
Calculate the highest common divisor of 1677 and 516.
129
Calculate the greatest common divisor of 10782 and 2250.
18
What is the highest common factor of 148912 and 376?
8
What is the highest common factor of 399 and 125913?
57
Calculate the highest common divisor of 20 and 11060.
20
Calculate the greatest common factor of 2983 and 4427.
19
Calculate the greatest common divisor of 71 and 365508.
71
What is the highest common divisor of 132 and 3330712?
44
Calculate the highest common factor of 318 and 2411553.
159
What is the highest common divisor of 606 and 1269?
3
Calculate the highest common divisor of 2961 and 14616.
63
Calculate the highest common divisor of 32 and 9356.
4
Calculate the greatest common factor of 73 and 9125.
73
What is the highest common factor of 2465 and 29870?
145
What is the greatest common factor of 127 and 1077722?
127
Calculate the greatest common divisor of 280079 and 57.
19
Calculate the greatest common divisor of 107 and 14552.
107
What is the greatest common factor of 1317900 and 1050?
150
What is the greatest common factor of 100 and 6?
2
Calculate the highest common factor of 152 and 15816.
8
What is the greatest common divisor of 429 and 8019?
33
What is the greatest common divisor of 380 and 132620?
380
What is the greatest common factor of 9490 and 49790?
130
What is the greatest common divisor of 380 and 1277180?
380
Calculate the greatest common factor of 17253 and 65817.
639
Calculate the highest common divisor of 76 and 5440992.
76
Calculate the highest common divisor of 630 and 30534.
42
Calculate the greatest common factor of 4825 and 11194.
193
What is the greatest common divisor of 148169 and 1708?
427
What is the highest common divisor of 1419 and 44032?
43
What is the greatest common factor of 434 and 59675?
217
What is the greatest common divisor of 600 and 70440?
120
What is the greatest common factor of 18 and 231270?
6
What is the greatest common factor of 123690 and 399?
399
Calculate the highest common divisor of 896 and 2289.
7
What is the greatest common factor of 2875664 and 176?
176
What is the highest common divisor of 602072 and 2261?
323
What is the greatest common divisor of 22272 and 457272?
696
What is the highest common factor of 4473 and 29484?
63
What is the highest common divisor of 100899 and 4949?
101
Calculate the highest common divisor of 332 and 36769.
83
What is the highest common divisor of 42028 and 1659?
553
What is the greatest common factor of 337978 and 8766?
974
What is the highest common factor of 138 and 785427?
69
What is the highest common factor of 105 and 39396?
21
Calculate the highest common divisor of 244890 and 810.
270
What is the greatest common divisor of 1233500 and 2500?
500
What is the greatest common divisor of 11109 and 17871?
483
What is the greatest common factor of 1404 and 63?
9
Calculate the highest common factor of 144590 and 570.
190
Calculate the greatest common divisor of 18567 and 90.
9
Calculate the highest common divisor of 195 and 155935.
65
What is the greatest common divisor of 96 and 25824?
96
Calculate the highest common factor of 418 and 46702.
38
What is the highest common factor of 948 and 300?
12
Calculate the highest common factor of 25753 and 4811.
283
Calculate the greatest common factor of 289 and 7463.
17
Calculate the highest common factor of 6695 and 2535.
65
Calculate the greatest common divisor of 185885 and 7119.
791
Calculate the greatest common divisor of 397637 and 1111.
101
What is the highest common divisor of 278 and 86875?
139
Calculate the highest common factor of 6681 and 2669.
17
Calculate the highest common divisor of 60472 and 8.
8
Calculate the greatest common divisor of 2720933 and 4047.
1349
Calculate the greatest common factor of 7749 and 50799.
861
What is the greatest common divisor of 70 and 17598?
14
What is the highest common divisor of 3990 and 17005?
95
Calculate the greatest common factor of 27034 and 14.
14
What is the highest common divisor of 7722 and 585?
117
What is the highest common factor of 5936 and 1378?
106
Calculate the highest common divisor of 2962 and 2780.
2
What is the greatest common factor of 143 and 703604?
11
What is the greatest common divisor of 43 and 1091?
1
What is the greatest common factor of 187485 and 3045?
435
Calculate the highest common factor of 63745 and 418.
209
Calculate the greatest common divisor of 2798890 and 190.
190
Calculate the greatest common divisor of 39512 and 440.
88
Calculate the highest common factor of 38736 and 63.
9
What is the highest common divisor of 1295 and 5920?
185
Calculate the highest common divisor of 58 and 597255.
29
What is the greatest common divisor of 36906 and 114?
6
What is the highest common divisor of 18 and 254?
2
What is the greatest common divisor of 135648 and 1128?
24
Calculate the highest common divisor of 81088 and 3374.
14
Calculate the highest common factor of 63532 and 84.
28
What is the greatest common divisor of 464 and 148625?
29
What is the highest common divisor of 1338520 and 3270?
1090
What is the highest common divisor of 8900 and 27700?
100
What is the highest common factor of 511130 and 647?
647
Calculate the greatest common factor of 848 and 683541.
53
What is the highest common factor of 2759 and 23591?
31
What is the greatest common factor of 734961 and 51?
51
What is the highest common factor of 23026 and 464?
58
What is the greatest common factor of 175538 and 2686?
158
What is the highest common divisor of 20216 and 285152?
1064
What is the greatest common factor of 609114 and 726?
726
Calculate the greatest common factor of 610560 and 106.
106
Calculate the greatest common factor of 65403 and 387.
387
What is the greatest common divisor of 162 and 25677?
81
Calculate the highest common factor of 2236 and 16042.
26
Calculate the highest common divisor of 226336 and 32.
32
What is the greatest common divisor of 525179 and 62225?
2489
What is the highest common divisor of 14674 and 154?
22
Calculate the greatest common divisor of 48 and 291472.
16
What is the greatest common divisor of 129467 and 1299?
433
Calculate the highest common divisor of 28 and 3012912.
28
Calculate the highest common factor of 25144 and 3402.
14
Calculate the greatest common divisor of 49313 and 121.
11
What is the greatest common factor of 8631 and 441?
63
Calculate the highest common factor of 209 and 28567.
11
What is the highest common divisor of 46 and 355833?
23
What is the highest common divisor of 168 and 3508152?
24
Calculate the greatest common factor of 674 and 12.
2
Calculate the greatest common divisor of 45023 and 44.
11
What is the greatest common factor of 257050 and 850?
50
Calculate the greatest common divisor of 335478 and 306.
102
What is the highest common divisor of 38617 and 7373?
73
What is the greatest common factor of 28 and 2700?
4
Calculate the greatest common divisor of 126951 and 66.
33
What is the greatest common factor of 29596 and 12?
4
What is the highest common factor of 16768 and 8646?
262
Calculate the highest common divisor of 130 and 36595.
65
What is the highest common divisor of 292 and 3650?
146
What is the highest common factor of 13475 and 42427?
77
What is the highest common factor of 67 and 379?
1
Calculate the greatest common divisor of 68374 and 136.
34
What is the highest common factor o